{"version":"1.0","provider_name":"Jorge Retamoza","provider_url":"https:\/\/www.retamoza.com.ar\/fr","author_name":"Jorge Retamoza","author_url":"https:\/\/www.retamoza.com.ar\/fr\/author\/jorgeretamoza\/","title":"Nota Telam Un Cielo Una Tarde - Jorge Retamoza","type":"rich","width":600,"height":338,"html":"<blockquote class=\"wp-embedded-content\" data-secret=\"61y867cRsn\"><a href=\"https:\/\/www.retamoza.com.ar\/fr\/prensa\/nota-telam-un-cielo-una-tarde\/\">Nota Telam Un Cielo Una Tarde<\/a><\/blockquote><iframe sandbox=\"allow-scripts\" security=\"restricted\" src=\"https:\/\/www.retamoza.com.ar\/fr\/prensa\/nota-telam-un-cielo-una-tarde\/embed\/#?secret=61y867cRsn\" width=\"600\" height=\"338\" title=\"&#8220;Nota Telam Un Cielo Una Tarde&#8221; &#8212; Jorge Retamoza\" data-secret=\"61y867cRsn\" frameborder=\"0\" marginwidth=\"0\" marginheight=\"0\" scrolling=\"no\" class=\"wp-embedded-content\"><\/iframe><script>\n\/*! This file is auto-generated *\/\n!function(d,l){\"use strict\";l.querySelector&&d.addEventListener&&\"undefined\"!=typeof URL&&(d.wp=d.wp||{},d.wp.receiveEmbedMessage||(d.wp.receiveEmbedMessage=function(e){var t=e.data;if((t||t.secret||t.message||t.value)&&!\/[^a-zA-Z0-9]\/.test(t.secret)){for(var s,r,n,a=l.querySelectorAll('iframe[data-secret=\"'+t.secret+'\"]'),o=l.querySelectorAll('blockquote[data-secret=\"'+t.secret+'\"]'),c=new RegExp(\"^https?:$\",\"i\"),i=0;i<o.length;i++)o[i].style.display=\"none\";for(i=0;i<a.length;i++)s=a[i],e.source===s.contentWindow&&(s.removeAttribute(\"style\"),\"height\"===t.message?(1e3<(r=parseInt(t.value,10))?r=1e3:~~r<200&&(r=200),s.height=r):\"link\"===t.message&&(r=new URL(s.getAttribute(\"src\")),n=new URL(t.value),c.test(n.protocol))&&n.host===r.host&&l.activeElement===s&&(d.top.location.href=t.value))}},d.addEventListener(\"message\",d.wp.receiveEmbedMessage,!1),l.addEventListener(\"DOMContentLoaded\",function(){for(var e,t,s=l.querySelectorAll(\"iframe.wp-embedded-content\"),r=0;r<s.length;r++)(t=(e=s[r]).getAttribute(\"data-secret\"))||(t=Math.random().toString(36).substring(2,12),e.src+=\"#?secret=\"+t,e.setAttribute(\"data-secret\",t)),e.contentWindow.postMessage({message:\"ready\",secret:t},\"*\")},!1)))}(window,document);\n\/\/# sourceURL=https:\/\/www.retamoza.com.ar\/wp-includes\/js\/wp-embed.min.js\n<\/script>","thumbnail_url":"https:\/\/www.retamoza.com.ar\/wp-content\/uploads\/channels4_profile.jpg","thumbnail_width":900,"thumbnail_height":900,"description":"https:\/\/www.telam.com.ar\/notas\/202209\/605696-jorge-retamoza-sigo-trabajando-para-el-desarrollo-de-un-saxo-argentino.html ESPECT\u00c1CULOS 22-09-2022 19:10 \u2013 M\u00daSICA Jorge Retamoza: &#8220;Sigo trabajando para el desarrollo de un saxo argentino&#8221; \u00a0 El saxofonista y compositor estrenar\u00e1 el viernes en el Caf\u00e9 Vinilo del barrio porte\u00f1o de San Cristobal su \u00e1lbum \u201cUn cielo una tarde\u201d, en el que, por primera vez,\u00a0en su b\u00fasqueda sonora,\u00a0visita g\u00e9neros folcl\u00f3ricos. Retamoza: &#8220;Para el..."}

https://www.telam.com.ar/notas/202209/605696-jorge-retamoza-sigo-trabajando-para-el-desarrollo-de-un-saxo-argentino.html ESPECTÁCULOS 22-09-2022 19:10 – MÚSICA Jorge Retamoza: &#8220;Sigo trabajando para el desarrollo de un saxo argentino&#8221;   El saxofonista y compositor estrenará el viernes en el Café Vinilo del barrio porteño de San Cristobal su álbum “Un cielo una tarde”, en el que, por primera vez, en su búsqueda sonora, visita géneros folclóricos. Retamoza: &#8220;Para el...
